- 5. Let t(z) = z. Let m(d) = l(d) - 4*t(d). Is m(g) a prime number?
False
Suppose s + 1 = 0, 0*c + 5*c - 16 = -4*s. Suppose -2*v + 3*v = 2, -5*k + 5*v = -5. Suppose 4*o = -p + 165, o - 750 = -c*p + k*o. Is p a prime number?
False
Suppose -2*s = -s - 195. Let c be 0 - s/(2 - 3). Suppose -5*i + 62 = d, -4*d + 2*i - c = -9*d. Is d composite?
False
Suppose -6*i + i + 15 = 0, i = -2*o + 341. Suppose -o + 478 = 3*x. Is x prime?
True
Suppose 0 = 5*y - b - 311915, -8*b - 249532 = -4*y - 9*b. Is y a composite number?
False
Suppose -30238 - 116750 = -36*h. Is h a composite number?
True
Suppose -i + 5*r = -23, 2*i + 4*r - 2 = 3*r. Let z be 3 + (-3)/6*(-90)/1. Is 5196/z - i/(-4) composite?
False
Let v = -12 - -18. Suppose -2*d = r - 1, 3*d + 3*r - v*r + 3 = 0. Suppose d = 3*t + n - 1216, -142 = -t - n + 260. Is t prime?
False
Let q(f) = f**3 - f**2 + 3*f + 2333. Let i be (-8)/(-40) - (-3 + 2)/(-5). Is q(i) prime?
True
Suppose 0 = 2*d + 3*n - 260, -15 + 3 = -3*n. Suppose -l - 30 = 4*l + 5*q, -2*q = -l. Is d - l/((-8)/(-6)) composite?
False
Let h(w) = w**3 - 4*w**2 + 5. Let k be h(4). Suppose -k*u + 3082 = -83. Is u a composite number?
True
Suppose 15*j + 12*j = 32778. Is j composite?
True
Let i(f) = 4*f + 24. Let y(b) = b + 8. Let n(l) = -2*i(l) + 7*y(l). Let o be n(8). Suppose -5*r = 5*v - 1015, 414 = -o*v + 2*v - 2*r. Is v a composite number?
True
Is 3 - (-8142)/9 - (-30)/(-45) a prime number?
True
Is (-25)/100 + -2*(-247380)/32 composite?
False
Let j(s) = 208*s + 250. Is j(4) prime?
False
Let i(t) = 20962*t**2 - 13*t + 10. Is i(3) a composite number?
True
Suppose -63027 = -20*x + 267313. Is x a prime number?
False
Let u = -86 - -86. Is (-105)/(-5)*(1 + u) composite?
True
Let k = 29574 + 10297. Is k a prime number?
False
Suppose -61629 = -13*f + 42891. Is f/28 + 5/(-35) a prime number?
False
Let y = -33494 + 52041. Is y a composite number?
True
Let i(d) = 16547*d**2 + 57*d - 57. Is i(1) a composite number?
False
Let n be 76/20 + 2/10. Suppose -a = n*h - 1257, 3*a = 2*a - h + 1272. Is a prime?
True
Let x(s) = 906*s + 172. Is x(25) prime?
False
Let p be (-5)/(10/4) - 0. Is ((-1329)/9)/(p/6) composite?
False
Let c(d) = 144*d**2 + 11*d - 39. Is c(4) a composite number?
False
Suppose -19*u + 24*u = -25660. Let r = 2937 - u. Is r a prime number?
True
Suppose 2*d = -5*r + 27086, 3 = -4*r - 13. Is d prime?
True
Suppose 3*k + 55 = -2*k. Let q = k + 13. Suppose 4*t - 1006 = -5*h, h - 54 = -q*t + 146. Is h a composite number?
True
Suppose -2*b - b + 1772 = 2*g, -3*g = -4*b - 2692. Suppose -1186 = -2*v + 152. Suppose -4*x - c = -g, 0*x = 3*x - 2*c - v. Is x a composite number?
False
Suppose -t + 4*t = 12. Is (0 + 49 - 0) + t a composite number?
False
Suppose -85496 = -19*i + 15*i. Is i prime?
False
Is (10/(-4) - -2)/(8/(-24656)) prime?
False
Suppose 0 = -2*o - 3*o - 970. Let c = -136 - o. Is c composite?
True
Suppose -6*z + 12 = -12*z. Is (-10344)/16*-1 - z/4 prime?
True
Is (77668/6)/((-84)/(-18) + -4) prime?
True
Let n(h) = -46*h**2. Let f(d) = -184*d**2 + 1. Let w(r) = 2*f(r) - 9*n(r). Let i be w(-2). Suppose -4*s + 448 = 2*k - i, -3*k - 2*s = -939. Is k a prime number?
True
Let p be (2 + -2)/1 + 3. Is (-9740)/(-30)*p/2 a composite number?
False
Suppose 4183 = 2*u - 651. Is u a composite number?
False
Suppose -36 - 45 = -3*a. Is a/(-18) + (2 - (-5481)/2) composite?
False
Let a(t) = 2*t**3 + 2*t**2 + 1. Let k be a(-2). Let s(v) = -v**3 - 5*v**2 + 13*v - 3. Let c be s(k). Is c + (101 - -3 - -1) prime?
True
Let c = -1357 + 5118. Is c a prime number?
True
Let j(m) = 280*m**2 + 2*m + 117. Is j(-7) composite?
True
Let n(i) = 7*i**2 + 25*i + 16. Let y be n(-22). Let o = y - 525. Is o a prime number?
False
Suppose -51745 - 30871 = -8*j. Is j a composite number?
True
Let t(y) = -2*y**3 + 5*y**2 - 18*y + 11. Let x = -20 - -12. Is t(x) a composite number?
False
Suppose 0 = -2*r + r + 5*q + 4, -50 = -5*r - 5*q. Is (-440780)/(-180) + (2/r - 0) composite?
True
Suppose 0 = -80*n + 89*n - 33498. Is n a prime number?
False
Suppose 0 = 5*g - 3*x - 806, 513 - 30 = 3*g - 2*x. Is g a prime number?
True
Let k(u) = -4*u**2 - 2*u. Let t be k(2). Let y = -17 - t. Suppose -4*b = -8, -y*l + 2*b + 477 + 320 = 0. Is l composite?
True
Let q = 4115 - -984. Is q prime?
True
Let q(s) = -s**2 - 10*s - 10. Let z = -30 - -17. Let y be q(z). Let r = 72 + y. Is r composite?
False
Let m(h) = -25140*h + 25. Is m(-2) prime?
False
Let f = 6 + -2. Let a be (0 + f/(-8))*-12. Is 14*1 + a/6 composite?
True
Let o be (3 + 3438/(-3))*(-1)/3. Let d = -194 + o. Is d prime?
False
Suppose -5*u + 3*o + 4841 = 0, -5*o - 977 = -2*u + u. Is u a prime number?
True
Let k = -16513 - -43182. Is k a prime number?
True
Let b = -3111 + 5588. Is b a prime number?
True
Let y(x) = -x**3 - 4*x**2 - 4*x - 3. Let k be y(-3). Suppose 5*c + 7*c - 1428 = k. Is c prime?
False
Let b(l) = l**2 + 10*l + 24. Let d be b(-8). Let s = -912 - -1547. Suppose 3*y = d*y - s. Is y a composite number?
False
Let k be 10/(-1)*10/(-25). Is 2/k*2 - (103 + -2155) a composite number?
False
Suppose 20 = 3*n + z, -2*n - 3*z + 2*z = -15. Suppose -2*o + 2990 = -4*f, -n*f = -o + 696 + 796. Is o a prime number?
False
Suppose -9*l - 28*l + 21201 = 0. Is l a composite number?
True
Let x(q) = -2*q**3 + 2*q**2 + 3*q - 2. Let o be x(2). Is (10/o)/((-1)/14) prime?
False
Suppose 3*h = -0*h - 570. Let k = -72 - h. Let f = 195 - k. Is f a prime number?
False
Let u = 8 - 5. Let r = -108 + 312. Suppose -3*q = u*q - r. Is q a composite number?
True
Let d(s) = s**2 - 6*s - 64. Let v(y) = -y**2 + 5*y + 65. Let q(b) = -2*d(b) - 3*v(b). Is q(28) prime?
False
Is (-1607)/(((-60)/150)/(8/10)) a composite number?
True
Suppose 5*m + 5 - 20 = 0. Suppose -90 = -m*b + b. Suppose 5*w - 37 = -2*g + 48, -g - 2*w + b = 0. Is g a composite number?
True
Is (-4 + 1)*((-100360)/(-24))/(-13) a prime number?
False
Let b(y) = -11 + y + 14 + 14. Let l be b(-14). Suppose k = -l*k + 132. Is k composite?
True
Is (-1 + 64152/30)/((-2)/(-10)) a composite number?
False
Let v(d) = d**2. Let n = 16 - 16. Let u be v(n). Suppose u = -s + 4*s - 237. Is s composite?
False
Let a be 4/((-3)/((-12)/8)). Let w(x) = 34*x + 40*x + 102*x - 5. Is w(a) composite?
False
Suppose 5*o + 0 = -5. Let b be ((0 - -2) + o)/1. Suppose -s - 5*p + 196 = 2*s, -p - b = 0. Is s a composite number?
False
Let r = -1 + 5. Suppose 2*j + 806 + 14 = r*f, 0 = f + 5*j - 183. Is f prime?
False
Suppose -5*i + 32305 = -5*k, -1311 = 2*i + k - 14227. Is i a composite number?
True
Suppose -1266*f + 1256*f = -504290. Is f a composite number?
True
Let k be ((-1)/(-3) + 1)/(2/3). Suppose 0 = 4*w + 5*v - 1678, 571 + 261 = k*w - v. Is w a composite number?
True
Let g(l) = 14*l**2 - l**3 + l - 10 + 0*l - 2*l**2 + 6*l. Let t(a) = -a + 5. Let n be t(-7). Is g(n) prime?
False
Let n be 0 - (-1)/(4/24). Let o(g) = 24*g**2 - 5 + 2*g - 18*g**2 + n*g. Is o(-6) composite?
False
Let z = 558 - -109. Let g = z + -152. Is g composite?
True
Let s(d) = -21 + 4 + 148*d + 1 + 5. Is s(10) a prime number?
False
Suppose 15*l = -1443 + 5478. Let u = l - 138. Is u composite?
False
Suppose 0 = 21*n - 1046638 - 43115. Is n a composite number?
False
Suppose 20581 = 2*v + g + 135, v - 10223 = 5*g. Is v a prime number?
True
Let o be 4/8*-2*-5. Suppose -o*k = -27 - 13. Suppose k*c = -4*d + 3*c + 288, d + 3*c = 79. Is d a prime number?
True
Let l(z) = -2*z - 12. Let q be l(-9). Let u(o) = -o + 8. Let x be u(q). Suppose -2*r = -x*w - 130, 4*r - 310 = -3*w - 22. Is r prime?
False
Let s(a) = -3095*a - 18. Is s(-3) composite?
True
Let d = -2 + 3. Let u be (-2)/(2/d) - 6. Let l(p) = -8*p - 3. Is l(u) a prime number?
True
Let z(r) = -5*r**2 + 7*r**3 + 32*r - 4*r**3 - 33*r - 2. Is z(4) a prime number?
False
Let o be (18/6)/((-3)/(-5)). Suppose c = o*l + 236, -88 = -4*c + 2*l + 766. Is c a prime number?
True
Let x(l) = -l**3 - 2*l + 14. Is x(-5) prime?
True
Suppose -5*z - y - 14 = 11, -z = -3*y - 11. Let h be (z/10)/(6/(-1590)). Suppose h = 5*l - 1179. Is l a composite number?
False
Suppose -4*v = 5*c - 27, -c + 5*v = 1 + 11. Suppose -4*i - 3*f + 3944 = -1904, -1447 = -i + c*f. Is i prime?
True
Let i(q) be the first derivative of -135*q**2/2 - q + 9. Is i(-6) prime?
True
Let y be 3/(2 + 2/(-4)). Suppose -4 = y*h + 2*h. Is h + (4 - 7) + 83 a composite number?
False
Suppose 5*a = -d 